n 12 is divided by 3?
0
Calculate the remainder when 3297 is divided by 15.
12
What is the remainder when 63 is divided by 17?
12
Calculate the remainder when 1861 is divided by 133.
132
What is the remainder when 1080 is divided by 357?
9
What is the remainder when 1079 is divided by 51?
8
What is the remainder when 92 is divided by 38?
16
Calculate the remainder when 276 is divided by 215.
61
Calculate the remainder when 594 is divided by 25.
19
Calculate the remainder when 1766 is divided by 105.
86
What is the remainder when 738 is divided by 13?
10
Calculate the remainder when 2503 is divided by 351.
46
Calculate the remainder when 1196 is divided by 50.
46
Calculate the remainder when 449 is divided by 9.
8
Calculate the remainder when 2272 is divided by 99.
94
Calculate the remainder when 6844 is divided by 7.
5
Calculate the remainder when 128 is divided by 109.
19
What is the remainder when 1948 is divided by 150?
148
Calculate the remainder when 1376 is divided by 106.
104
Calculate the remainder when 267 is divided by 67.
66
What is the remainder when 2170 is divided by 1084?
2
Calculate the remainder when 250 is divided by 21.
19
Calculate the remainder when 205 is divided by 17.
1
What is the remainder when 180 is divided by 61?
58
Calculate the remainder when 140 is divided by 66.
8
What is the remainder when 249 is divided by 26?
15
What is the remainder when 1022 is divided by 5?
2
Calculate the remainder when 26 is divided by 2.
0
What is the remainder when 215 is divided by 54?
53
Calculate the remainder when 766 is divided by 59.
58
What is the remainder when 963 is divided by 95?
13
What is the remainder when 833 is divided by 30?
23
Calculate the remainder when 156 is divided by 53.
50
Calculate the remainder when 145 is divided by 22.
13
Calculate the remainder when 1073 is divided by 43.
41
Calculate the remainder when 749 is divided by 127.
114
What is the remainder when 136 is divided by 47?
42
What is the remainder when 182 is divided by 47?
41
Calculate the remainder when 489 is divided by 10.
9
Calculate the remainder when 1485 is divided by 31.
28
Calculate the remainder when 20887 is divided by 10.
7
What is the remainder when 43 is divided by 10?
3
What is the remainder when 217 is divided by 3?
1
What is the remainder when 503 is divided by 7?
6
What is the remainder when 948 is divided by 13?
12
Calculate the remainder when 404 is divided by 41.
35
Calculate the remainder when 6 is divided by 5.
1
What is the remainder when 1269 is divided by 53?
50
Calculate the remainder when 557 is divided by 28.
25
What is the remainder when 614 is divided by 41?
40
What is the remainder when 389 is divided by 65?
64
Calculate the remainder when 280 is divided by 26.
20
Calculate the remainder when 989 is divided by 22.
21
Calculate the remainder when 464 is divided by 52.
48
What is the remainder when 4813 is divided by 171?
25
What is the remainder when 131 is divided by 26?
1
What is the remainder when 9 is divided by 3?
0
Calculate the remainder when 109 is divided by 79.
30
What is the remainder when 82 is divided by 43?
39
Calculate the remainder when 73 is divided by 30.
13
Calculate the remainder when 425 is divided by 100.
25
Calculate the remainder when 1176 is divided by 238.
224
What is the remainder when 62 is divided by 13?
10
Calculate the remainder when 520 is divided by 42.
16
What is the remainder when 126 is divided by 22?
16
What is the remainder when 2793 is divided by 1392?
9
Calculate the remainder when 350 is divided by 31.
9
What is the remainder when 212 is divided by 27?
23
What is the remainder when 83 is divided by 19?
7
What is the remainder when 93 is divided by 4?
1
Calculate the remainder when 456 is divided by 57.
0
Calculate the remainder when 33305 is divided by 182.
181
Calculate the remainder when 303 is divided by 99.
6
Calculate the remainder when 2542 is divided by 12.
10
What is the remainder when 57 is divided by 31?
26
What is the remainder when 106 is divided by 22?
18
What is the remainder when 109 is divided by 11?
10
Calculate the remainder when 51 is divided by 33.
18
What is the remainder when 892 is divided by 112?
108
Calculate the remainder when 235 is divided by 34.
31
What is the remainder when 469 is divided by 11?
7
What is the remainder when 507 is divided by 44?
23
What is the remainder when 27 is divided by 23?
4
What is the remainder when 48799 is divided by 8?
7
What is the remainder when 957 is divided by 80?
77
What is the remainder when 692 is divided by 70?
62
Calculate the remainder when 1309 is divided by 19.
17
Calculate the remainder when 84 is divided by 5.
4
What is the remainder when 163 is divided by 23?
2
What is the remainder when 89 is divided by 23?
20
What is the remainder when 2158 is divided by 99?
79
Calculate the remainder when 567 is divided by 33.
6
What is the remainder when 492 is divided by 11?
8
Calculate the remainder when 9482 is divided by 146.
138
Calculate the remainder when 589 is divided by 17.
11
Calculate the remainder when 269 is divided by 27.
26
Calculate the remainder when 97 is divided by 88.
9
What is the remainder when 134 is divided by 17?
15
What is the remainder when 55 is divided by 37?
18
What is the remainder when 1331 is divided by 651?
29
What is the remainder when 3476 is divided by 12?
8
What is the remainder when 87 is divided by 9?
6
What is the remainder when 492 is divided by 272?
220
Calculate the remainder when 2902 is divided by 17.
12
What is the remainder when 660 is divided by 45?
30
Calculate the remainder when 5587 is divided by 2783.
21
What is the remainder when 181 is divided by 37?
33
What is the remainder when 2009 is divided by 1004?
1
What is the remainder when 605 is divided by 16?
13
What is the remainder when 1029 is divided by 12?
9
What is the remainder when 3011 is divided by 36?
23
What is the remainder when 20 is divided by 15?
5
Calculate the remainder when 268 is divided by 75.
43
What is the remainder when 2530 is divided by 181?
177
What is the remainder when 161 is divided by 87?
74
What is the remainder when 1709 is divided by 565?
14
What is the remainder when 57 is divided by 10?
7
Calculate the remainder when 6141 is divided by 192.
189
What is the remainder when 9027 is divided by 122?
121
What is the remainder when 272 is divided by 39?
38
Calculate the remainder when 108 is divided by 49.
10
Calculate the remainder when 474 is divided by 221.
32
What is the remainder when 72 is divided by 15?
12
What is the remainder when 116 is divided by 39?
38
What is the remainder when 6848 is divided by 221?
218
What is the remainder when 1012 is divided by 7?
4
Calculate the remainder when 13 is divided by 4.
1
What is the remainder when 130 is divided by 31?
6
Calculate the remainder when 2227 is divided by 97.
93
Calculate the remainder when 375 is divided by 72.
15
Calculate the remainder when 671 is divided by 27.
23
What is the remainder when 1715 is divided by 9?
5
Calculate the remainder when 785 is divided by 154.
15
What is the remainder when 189 is divided by 6?
3
What is the remainder when 2528 is divided by 4?
0
What is the remainder when 286 is divided by 96?
94
What is the remainder when 856 is divided by 12?
4
Calculate the remainder when 179 is divided by 36.
35
What is the remainder when 1101 is divided by 58?
57
Calculate the remainder when 188 is divided by 15.
8
What is the remainder when 222 is divided by 32?
30
Calculate the remainder when 2244 is divided by 93.
12
What is the remainder when 150 is divided by 38?
36
What is the remainder when 53 is divided by 33?
20
What is the remainder when 1200 is divided by 120?
0
Calculate the remainder when 31 is divided by 11.
9
What is the remainder when 302 is divided by 6?
2
Calculate the remainder when 503 is divided by 182.
139
What is the remainder when 24023 is divided by 84?
83
What is the remainder when 179 is divided by 8?
3
What is the remainder when 443 is divided by 74?
73
Calculate the remainder when 43 is divided by 10.
3
What is the remainder when 161 is divided by 44?
29
Calculate the remainder when 808 is divided by 58.
54
Calculate the remainder when 1865 is divided by 210.
185
Calculate the remain